{"id":2,"date":"2019-03-29T00:04:04","date_gmt":"2019-03-28T23:04:04","guid":{"rendered":"http:\/\/www.ekointeriery.cz\/?page_id=2"},"modified":"2025-06-17T02:44:50","modified_gmt":"2025-06-17T00:44:50","slug":"zkusebni-stranka","status":"publish","type":"page","link":"https:\/\/www.ekointeriery.cz\/","title":{"rendered":"EKO INTERIERY"},"content":{"rendered":"<p>Interi\u00e9ry realizujeme ji\u017e v\u00edce ne\u017e 20 let. Na z\u00e1klad\u011b t\u011bchto zku\u0161enost\u00ed V\u00e1m m\u016f\u017eeme doporu\u010dit nejvhodn\u011bj\u0161\u00ed a nejoptim\u00e1ln\u011bj\u0161\u00ed skladbu materi\u00e1l\u016f, technologick\u00e9 postupy a m\u011b\u0159en\u00ed.<\/p>\n<p style=\"padding-left: 40px;\">Na\u0161e Pr\u00e1ce prov\u00e1d\u00edme jednotliv\u011b dle zad\u00e1n\u00ed i na &#8222;Kl\u00ed\u010d&#8220;&#8230;<\/p>\n<blockquote><p>Jsme firma, kter\u00e1 se zab\u00fdv\u00e1 vytv\u00e1\u0159en\u00edm, rekonstrukcemi a d\u00edl\u010d\u00edmi opravami interi\u00e9r\u016f. Zaji\u0161\u0165ujeme pr\u00e1ce z oblasti podlah\u00e1\u0159stv\u00ed, dekorativn\u00ed st\u011brky, malby, elektromont\u00e1\u017ee a td. M\u00e1me zku\u0161enosti nejen v \u010cR ale i v zahrani\u010d\u00ed, p\u0159ev\u00e1\u017en\u011b v Rakousku a v N\u011bmecku&#8230;<\/p><\/blockquote>\n<blockquote><p>Pokud zva\u017eujete nebo pl\u00e1nujete v\u00fdstavbu, rekonstrukci, pop\u0159\u00edpad\u011b \u00fapravy Va\u0161ich vnit\u0159n\u00edch prostor, v\u00fdm\u011bny \u010di opravy podlahov\u00fdch krytin, vytvo\u0159en\u00ed nebo kompletn\u00ed rekonstrukci Va\u0161\u00edch obytn\u00fdch nebo provozn\u00edch m\u00edstnost\u00ed, pot\u0159ebujete poradit, nev\u00e1hejte n\u00e1s kontaktovat a vyu\u017e\u00edt na\u0161ich zku\u0161enost\u00ed .<\/p><\/blockquote>\n<p>Fotodokumentaci a referen\u010dn\u00ed v\u00fdsledky na\u0161ich prac\u00ed si mu\u017eete detailn\u011b prohl\u00e9dnout u ka\u017ed\u00e9 z jednotliv\u00fdch polo\u017eek v na\u0161\u00ed nab\u00eddce u jednotliv\u00fdch polo\u017eek nebo glob\u00e1ln\u011b v na\u0161\u00ed FOTO Galerii. Tyto uk\u00e1zky byly zdokumentov\u00e1ny p\u0159i vlastn\u00edch pracech i na jejich z\u00e1v\u011bru a dovolujeme si je zve\u0159ejnit s laskav\u00fdm souhlasem na\u0161ich spokojen\u00fdch klient\u016f.<\/p>\n<hr>\n<p style=\"text-align: center;\"><img loading=\"lazy\" decoding=\"async\" class=\"alignnone wp-image-329\" src=\"https:\/\/www.ekointeriery.cz\/wp-content\/uploads\/2019\/10\/Marina-PND-2-300x225.jpg\" alt=\"\" width=\"200\" height=\"150\" srcset=\"https:\/\/www.ekointeriery.cz\/wp-content\/uploads\/2019\/10\/Marina-PND-2-300x225.jpg 300w, https:\/\/www.ekointeriery.cz\/wp-content\/uploads\/2019\/10\/Marina-PND-2-768x576.jpg 768w, https:\/\/www.ekointeriery.cz\/wp-content\/uploads\/2019\/10\/Marina-PND-2-1024x768.jpg 1024w\" sizes=\"auto, (max-width: 200px) 100vw, 200px\" \/> &nbsp;&nbsp;&nbsp; <img loading=\"lazy\" decoding=\"async\" class=\"alignnone wp-image-328\" src=\"https:\/\/www.ekointeriery.cz\/wp-content\/uploads\/2019\/10\/Londynska-PND_23orech-a-teak-300x225.jpg\" alt=\"\" width=\"200\" height=\"150\" srcset=\"https:\/\/www.ekointeriery.cz\/wp-content\/uploads\/2019\/10\/Londynska-PND_23orech-a-teak-300x225.jpg 300w, https:\/\/www.ekointeriery.cz\/wp-content\/uploads\/2019\/10\/Londynska-PND_23orech-a-teak-768x576.jpg 768w, https:\/\/www.ekointeriery.cz\/wp-content\/uploads\/2019\/10\/Londynska-PND_23orech-a-teak-1024x768.jpg 1024w\" sizes=\"auto, (max-width: 200px) 100vw, 200px\" \/> &nbsp;&nbsp;&nbsp; <img loading=\"lazy\" decoding=\"async\" class=\"alignnone wp-image-325\" src=\"https:\/\/www.ekointeriery.cz\/wp-content\/uploads\/2019\/10\/DSCN9924-300x225.jpg\" alt=\"\" width=\"200\" height=\"150\" srcset=\"https:\/\/www.ekointeriery.cz\/wp-content\/uploads\/2019\/10\/DSCN9924-300x225.jpg 300w, https:\/\/www.ekointeriery.cz\/wp-content\/uploads\/2019\/10\/DSCN9924-768x576.jpg 768w, https:\/\/www.ekointeriery.cz\/wp-content\/uploads\/2019\/10\/DSCN9924-1024x768.jpg 1024w\" sizes=\"auto, (max-width: 200px) 100vw, 200px\" \/> &nbsp;&nbsp;&nbsp; <img loading=\"lazy\" decoding=\"async\" class=\"alignnone wp-image-326\" src=\"https:\/\/www.ekointeriery.cz\/wp-content\/uploads\/2019\/10\/DSCN9927-300x225.jpg\" alt=\"\" width=\"200\" height=\"150\" srcset=\"https:\/\/www.ekointeriery.cz\/wp-content\/uploads\/2019\/10\/DSCN9927-300x225.jpg 300w, https:\/\/www.ekointeriery.cz\/wp-content\/uploads\/2019\/10\/DSCN9927-768x576.jpg 768w, https:\/\/www.ekointeriery.cz\/wp-content\/uploads\/2019\/10\/DSCN9927-1024x768.jpg 1024w\" sizes=\"auto, (max-width: 200px) 100vw, 200px\" \/><\/p>\n","protected":false},"excerpt":{"rendered":"<p>Interi\u00e9ry realizujeme ji\u017e v\u00edce ne\u017e 20 let. Na z\u00e1klad\u011b t\u011bchto zku\u0161enost\u00ed V\u00e1m m\u016f\u017eeme doporu\u010dit nejvhodn\u011bj\u0161\u00ed a nejoptim\u00e1ln\u011bj\u0161\u00ed skladbu materi\u00e1l\u016f, technologick\u00e9 postupy a m\u011b\u0159en\u00ed. Na\u0161e Pr\u00e1ce prov\u00e1d\u00edme jednotliv\u011b dle zad\u00e1n\u00ed i na &#8222;Kl\u00ed\u010d&#8220;&#8230; Jsme firma, kter\u00e1 se zab\u00fdv\u00e1 vytv\u00e1\u0159en\u00edm, rekonstrukcemi a d\u00edl\u010d\u00edmi opravami interi\u00e9r\u016f. Zaji\u0161\u0165ujeme pr\u00e1ce z oblasti podlah\u00e1\u0159stv\u00ed, dekorativn\u00ed st\u011brky, malby, elektromont\u00e1\u017ee a td. M\u00e1me [&hellip;]<\/p>\n","protected":false},"author":1,"featured_media":0,"parent":0,"menu_order":0,"comment_status":"closed","ping_status":"open","template":"","meta":{"ngg_post_thumbnail":0,"footnotes":""},"class_list":["post-2","page","type-page","status-publish","hentry"],"_links":{"self":[{"href":"https:\/\/www.ekointeriery.cz\/index.php?rest_route=\/wp\/v2\/pages\/2","targetHints":{"allow":["GET"]}}],"collection":[{"href":"https:\/\/www.ekointeriery.cz\/index.php?rest_route=\/wp\/v2\/pages"}],"about":[{"href":"https:\/\/www.ekointeriery.cz\/index.php?rest_route=\/wp\/v2\/types\/page"}],"author":[{"embeddable":true,"href":"https:\/\/www.ekointeriery.cz\/index.php?rest_route=\/wp\/v2\/users\/1"}],"replies":[{"embeddable":true,"href":"https:\/\/www.ekointeriery.cz\/index.php?rest_route=%2Fwp%2Fv2%2Fcomments&post=2"}],"version-history":[{"count":6,"href":"https:\/\/www.ekointeriery.cz\/index.php?rest_route=\/wp\/v2\/pages\/2\/revisions"}],"predecessor-version":[{"id":985,"href":"https:\/\/www.ekointeriery.cz\/index.php?rest_route=\/wp\/v2\/pages\/2\/revisions\/985"}],"wp:attachment":[{"href":"https:\/\/www.ekointeriery.cz\/index.php?rest_route=%2Fwp%2Fv2%2Fmedia&parent=2"}],"curies":[{"name":"wp","href":"https:\/\/api.w.org\/{rel}","templated":true}]}}