{"id":247,"date":"2019-10-19T19:46:22","date_gmt":"2019-10-19T17:46:22","guid":{"rendered":"https:\/\/www.ekointeriery.cz\/?page_id=247"},"modified":"2019-10-20T01:54:09","modified_gmt":"2019-10-19T23:54:09","slug":"foto-galerie","status":"publish","type":"page","link":"https:\/\/www.ekointeriery.cz\/?page_id=247","title":{"rendered":"FOTO &#8211; GALERIE"},"content":{"rendered":"<p style=\"text-align: center;\"><strong>Fotogelerie na\u0161ich prac\u00ed a postup\u016f. Zve\u0159ejn\u011bno s laskav\u00fdm svolen\u00edm na\u0161ich klient\u016f&#8230;<\/strong><\/p>\n<p style=\"text-align: center;\"><span style=\"text-decoration: underline;\"><span style=\"font-size: 14pt;\"><strong>Design a Harmonizace Interi\u00e9r\u016f.<\/strong><\/span><\/span><\/p>\nngg_shortcode_0_placeholder\n<p style=\"text-align: center;\"><span style=\"text-decoration: underline;\"><span style=\"font-size: 14pt;\"><strong>Designov\u00e9 St\u011brky &#8211; PANDOMO<\/strong><\/span><\/span><\/p>\nngg_shortcode_1_placeholder\n<p style=\"text-align: center;\"><span style=\"text-decoration: underline;\"><span style=\"font-size: 14pt;\"><strong>Designov\u00e9 St\u011brky &#8211; BETONIMAGE<\/strong><\/span><\/span><\/p>\nngg_shortcode_2_placeholder\n<p style=\"text-align: center;\"><span style=\"text-decoration: underline;\"><span style=\"font-size: 14pt;\"><strong>Designov\u00e9 St\u011brky &#8211; EPOXYDOV\u00c9<\/strong><\/span><\/span><\/p>\nngg_shortcode_3_placeholder\n<p style=\"text-align: center;\"><span style=\"text-decoration: underline; font-size: 14pt;\"><strong>Terasy a Balk\u00f3ny<\/strong><\/span><\/p>\nngg_shortcode_4_placeholder\n<p style=\"text-align: center;\"><span style=\"text-decoration: underline;\"><span style=\"font-size: 14pt;\"><strong>Schody &#8211; D\u0158EV\u011aN\u00c9<\/strong><\/span><\/span><\/p>\nngg_shortcode_5_placeholder\n<p style=\"text-align: center;\"><span style=\"text-decoration: underline;\"><span style=\"font-size: 14pt;\"><strong>Schody &#8211; VINYL A LAMINO<\/strong><\/span><\/span><\/p>\nngg_shortcode_6_placeholder\n<p style=\"text-align: center;\"><span style=\"text-decoration: underline; font-size: 14pt;\"><strong>Schody &#8211; ST\u011aRKY<\/strong><\/span><\/p>\nngg_shortcode_7_placeholder\n<p style=\"text-align: center;\"><span style=\"text-decoration: underline;\"><strong>Repase Podlah a Schod\u016f<\/strong><\/span><\/p>\nngg_shortcode_8_placeholder\n<p style=\"text-align: center;\"><span style=\"text-decoration: underline;\"><strong><span style=\"font-size: 14pt;\">Dom\u00e1c\u00ed Spot\u0159ebi\u010de a \u00fadr\u017eba dom\u016f &#8211; DOMY<\/span><\/strong><\/span><\/p>\nngg_shortcode_9_placeholder\n<p style=\"text-align: center;\"><span style=\"text-decoration: underline; font-size: 14pt;\"><strong>Dom\u00e1c\u00ed Spot\u0159ebi\u010de a \u00fadr\u017eba dom\u016f &#8211; SPOT\u0158EBI\u010cE<\/strong><\/span><\/p>\nngg_shortcode_10_placeholder\n","protected":false},"excerpt":{"rendered":"<p>Fotogelerie na\u0161ich prac\u00ed a postup\u016f. Zve\u0159ejn\u011bno s laskav\u00fdm svolen\u00edm na\u0161ich klient\u016f&#8230; Design a Harmonizace Interi\u00e9r\u016f. Designov\u00e9 St\u011brky &#8211; PANDOMO Designov\u00e9 St\u011brky &#8211; BETONIMAGE Designov\u00e9 St\u011brky &#8211; EPOXYDOV\u00c9 Terasy a Balk\u00f3ny Schody &#8211; D\u0158EV\u011aN\u00c9 Schody &#8211; VINYL A LAMINO Schody &#8211; ST\u011aRKY Repase Podlah a Schod\u016f Dom\u00e1c\u00ed Spot\u0159ebi\u010de a \u00fadr\u017eba dom\u016f &#8211; DOMY Dom\u00e1c\u00ed Spot\u0159ebi\u010de a [&hellip;]<\/p>\n","protected":false},"author":1,"featured_media":0,"parent":0,"menu_order":9,"comment_status":"closed","ping_status":"closed","template":"","meta":{"ngg_post_thumbnail":0,"footnotes":""},"class_list":["post-247","page","type-page","status-publish","hentry"],"_links":{"self":[{"href":"https:\/\/www.ekointeriery.cz\/index.php?rest_route=\/wp\/v2\/pages\/247","targetHints":{"allow":["GET"]}}],"collection":[{"href":"https:\/\/www.ekointeriery.cz\/index.php?rest_route=\/wp\/v2\/pages"}],"about":[{"href":"https:\/\/www.ekointeriery.cz\/index.php?rest_route=\/wp\/v2\/types\/page"}],"author":[{"embeddable":true,"href":"https:\/\/www.ekointeriery.cz\/index.php?rest_route=\/wp\/v2\/users\/1"}],"replies":[{"embeddable":true,"href":"https:\/\/www.ekointeriery.cz\/index.php?rest_route=%2Fwp%2Fv2%2Fcomments&post=247"}],"version-history":[{"count":5,"href":"https:\/\/www.ekointeriery.cz\/index.php?rest_route=\/wp\/v2\/pages\/247\/revisions"}],"predecessor-version":[{"id":462,"href":"https:\/\/www.ekointeriery.cz\/index.php?rest_route=\/wp\/v2\/pages\/247\/revisions\/462"}],"wp:attachment":[{"href":"https:\/\/www.ekointeriery.cz\/index.php?rest_route=%2Fwp%2Fv2%2Fmedia&parent=247"}],"curies":[{"name":"wp","href":"https:\/\/api.w.org\/{rel}","templated":true}]}}

<p style="text-align: center;"><strong>Fotogelerie našich prací a postupů. Zveřejněno s laskavým svolením našich klientů&#8230;</strong></p>
<p style="text-align: center;"><span style="text-decoration: underline;"><span style="font-size: 14pt;"><strong>Design a Harmonizace Interiérů.</strong></span></span></p>
ngg_shortcode_0_placeholder
<p style="text-align: center;"><span style="text-decoration: underline;"><span style="font-size: 14pt;"><strong>Designové Stěrky &#8211; PANDOMO</strong></span></span></p>
ngg_shortcode_1_placeholder
<p style="text-align: center;"><span style="text-decoration: underline;"><span style="font-size: 14pt;"><strong>Designové Stěrky &#8211; BETONIMAGE</strong></span></span></p>
ngg_shortcode_2_placeholder
<p style="text-align: center;"><span style="text-decoration: underline;"><span style="font-size: 14pt;"><strong>Designové Stěrky &#8211; EPOXYDOVÉ</strong></span></span></p>
ngg_shortcode_3_placeholder
<p style="text-align: center;"><span style="text-decoration: underline; font-size: 14pt;"><strong>Terasy a Balkóny</strong></span></p>
ngg_shortcode_4_placeholder
<p style="text-align: center;"><span style="text-decoration: underline;"><span style="font-size: 14pt;"><strong>Schody &#8211; DŘEVĚNÉ</strong></span></span></p>
ngg_shortcode_5_placeholder
<p style="text-align: center;"><span style="text-decoration: underline;"><span style="font-size: 14pt;"><strong>Schody &#8211; VINYL A LAMINO</strong></span></span></p>
ngg_shortcode_6_placeholder
<p style="text-align: center;"><span style="text-decoration: underline; font-size: 14pt;"><strong>Schody &#8211; STĚRKY</strong></span></p>
ngg_shortcode_7_placeholder
<p style="text-align: center;"><span style="text-decoration: underline;"><strong>Repase Podlah a Schodů</strong></span></p>
ngg_shortcode_8_placeholder
<p style="text-align: center;"><span style="text-decoration: underline;"><strong><span style="font-size: 14pt;">Domácí Spotřebiče a údržba domů &#8211; DOMY</span></strong></span></p>
ngg_shortcode_9_placeholder
<p style="text-align: center;"><span style="text-decoration: underline; font-size: 14pt;"><strong>Domácí Spotřebiče a údržba domů &#8211; SPOTŘEBIČE</strong></span></p>
ngg_shortcode_10_placeholder

<p>Fotogelerie našich prací a postupů. Zveřejněno s laskavým svolením našich klientů&#8230; Design a Harmonizace Interiérů. Designové Stěrky &#8211; PANDOMO Designové Stěrky &#8211; BETONIMAGE Designové Stěrky &#8211; EPOXYDOVÉ Terasy a Balkóny Schody &#8211; DŘEVĚNÉ Schody &#8211; VINYL A LAMINO Schody &#8211; STĚRKY Repase Podlah a Schodů Domácí Spotřebiče a údržba domů &#8211; DOMY Domácí Spotřebiče a [&hellip;]</p>
