{"id":51,"date":"2019-06-13T00:32:07","date_gmt":"2019-06-12T22:32:07","guid":{"rendered":"https:\/\/www.ekointeriery.cz\/?page_id=51"},"modified":"2019-12-02T13:14:59","modified_gmt":"2019-12-02T12:14:59","slug":"podlahy","status":"publish","type":"page","link":"https:\/\/www.ekointeriery.cz\/?page_id=51","title":{"rendered":"Podlahy"},"content":{"rendered":"<p>Co nab\u00edz\u00edme:<\/p>\n<ul>\n<li>Dvou a t\u0159\u00edvrstv\u00e9 podlahy<\/li>\n<li>Prkna &#8211; velk\u00e1 parketa<\/li>\n<li>Parkety \/ Vlysy<\/li>\n<li>Mozaika<\/li>\n<li>Kantovka<\/li>\n<li>Repase podlah, renovace<\/li>\n<li>Vinylov\u00e9 &#8211; designov\u00e9 &#8211; lepen\u00e9 &#8211; plovouc\u00ed<\/li>\n<li>Lamin\u00e1tov\u00e9<\/li>\n<\/ul>\n<p>Na Va\u0161e p\u0159\u00e1n\u00ed V\u00e1m doporu\u010d\u00edme vhodnou podlahovou krytinu i s ohledem na typ a kompozici interi\u00e9ru. Vyrovn\u00e1me a uprav\u00edme p\u016fvodn\u00ed podklad, po polo\u017een\u00ed podlahy provedeme i koncov\u00e9 oly\u0161tov\u00e1n\u00ed, p\u0159echody a vysp\u00e1rov\u00e1n\u00ed&#8230;<\/p>\n<hr>\n<p style=\"text-align: center;\"><img loading=\"lazy\" decoding=\"async\" class=\"alignnone wp-image-803\" src=\"https:\/\/www.ekointeriery.cz\/wp-content\/uploads\/2019\/10\/Stradonice_008vinyl-300x225.jpg\" alt=\"\" width=\"200\" height=\"150\" srcset=\"https:\/\/www.ekointeriery.cz\/wp-content\/uploads\/2019\/10\/Stradonice_008vinyl-300x225.jpg 300w, https:\/\/www.ekointeriery.cz\/wp-content\/uploads\/2019\/10\/Stradonice_008vinyl-768x576.jpg 768w, https:\/\/www.ekointeriery.cz\/wp-content\/uploads\/2019\/10\/Stradonice_008vinyl-1024x768.jpg 1024w\" sizes=\"auto, (max-width: 200px) 100vw, 200px\" \/> &nbsp;&nbsp;&nbsp; <img loading=\"lazy\" decoding=\"async\" class=\"alignnone wp-image-793\" src=\"https:\/\/www.ekointeriery.cz\/wp-content\/uploads\/2019\/10\/dub-Hotel-Central-pro-mail1-300x225.jpg\" alt=\"\" width=\"200\" height=\"150\" srcset=\"https:\/\/www.ekointeriery.cz\/wp-content\/uploads\/2019\/10\/dub-Hotel-Central-pro-mail1-300x225.jpg 300w, https:\/\/www.ekointeriery.cz\/wp-content\/uploads\/2019\/10\/dub-Hotel-Central-pro-mail1.jpg 640w\" sizes=\"auto, (max-width: 200px) 100vw, 200px\" \/> &nbsp;&nbsp;&nbsp; <img loading=\"lazy\" decoding=\"async\" class=\"alignnone wp-image-800\" src=\"https:\/\/www.ekointeriery.cz\/wp-content\/uploads\/2019\/10\/DSCN0001-300x225.jpg\" alt=\"\" width=\"200\" height=\"150\" srcset=\"https:\/\/www.ekointeriery.cz\/wp-content\/uploads\/2019\/10\/DSCN0001-300x225.jpg 300w, https:\/\/www.ekointeriery.cz\/wp-content\/uploads\/2019\/10\/DSCN0001-768x576.jpg 768w, https:\/\/www.ekointeriery.cz\/wp-content\/uploads\/2019\/10\/DSCN0001-1024x768.jpg 1024w\" sizes=\"auto, (max-width: 200px) 100vw, 200px\" \/> &nbsp;&nbsp;&nbsp; <img loading=\"lazy\" decoding=\"async\" class=\"alignnone wp-image-804\" src=\"https:\/\/www.ekointeriery.cz\/wp-content\/uploads\/2019\/10\/Vlkys-Spidlen-6-300x225.jpg\" alt=\"\" width=\"200\" height=\"150\" srcset=\"https:\/\/www.ekointeriery.cz\/wp-content\/uploads\/2019\/10\/Vlkys-Spidlen-6-300x225.jpg 300w, https:\/\/www.ekointeriery.cz\/wp-content\/uploads\/2019\/10\/Vlkys-Spidlen-6-768x576.jpg 768w, https:\/\/www.ekointeriery.cz\/wp-content\/uploads\/2019\/10\/Vlkys-Spidlen-6-1024x768.jpg 1024w\" sizes=\"auto, (max-width: 200px) 100vw, 200px\" \/><\/p>\n","protected":false},"excerpt":{"rendered":"<p>Co nab\u00edz\u00edme: Dvou a t\u0159\u00edvrstv\u00e9 podlahy Prkna &#8211; velk\u00e1 parketa Parkety \/ Vlysy Mozaika Kantovka Repase podlah, renovace Vinylov\u00e9 &#8211; designov\u00e9 &#8211; lepen\u00e9 &#8211; plovouc\u00ed Lamin\u00e1tov\u00e9 Na Va\u0161e p\u0159\u00e1n\u00ed V\u00e1m doporu\u010d\u00edme vhodnou podlahovou krytinu i s ohledem na typ a kompozici interi\u00e9ru. Vyrovn\u00e1me a uprav\u00edme p\u016fvodn\u00ed podklad, po polo\u017een\u00ed podlahy provedeme i koncov\u00e9 oly\u0161tov\u00e1n\u00ed, p\u0159echody [&hellip;]<\/p>\n","protected":false},"author":1,"featured_media":0,"parent":0,"menu_order":1,"comment_status":"closed","ping_status":"closed","template":"","meta":{"ngg_post_thumbnail":0,"footnotes":""},"class_list":["post-51","page","type-page","status-publish","hentry"],"_links":{"self":[{"href":"https:\/\/www.ekointeriery.cz\/index.php?rest_route=\/wp\/v2\/pages\/51","targetHints":{"allow":["GET"]}}],"collection":[{"href":"https:\/\/www.ekointeriery.cz\/index.php?rest_route=\/wp\/v2\/pages"}],"about":[{"href":"https:\/\/www.ekointeriery.cz\/index.php?rest_route=\/wp\/v2\/types\/page"}],"author":[{"embeddable":true,"href":"https:\/\/www.ekointeriery.cz\/index.php?rest_route=\/wp\/v2\/users\/1"}],"replies":[{"embeddable":true,"href":"https:\/\/www.ekointeriery.cz\/index.php?rest_route=%2Fwp%2Fv2%2Fcomments&post=51"}],"version-history":[{"count":5,"href":"https:\/\/www.ekointeriery.cz\/index.php?rest_route=\/wp\/v2\/pages\/51\/revisions"}],"predecessor-version":[{"id":935,"href":"https:\/\/www.ekointeriery.cz\/index.php?rest_route=\/wp\/v2\/pages\/51\/revisions\/935"}],"wp:attachment":[{"href":"https:\/\/www.ekointeriery.cz\/index.php?rest_route=%2Fwp%2Fv2%2Fmedia&parent=51"}],"curies":[{"name":"wp","href":"https:\/\/api.w.org\/{rel}","templated":true}]}}

<p>Co nabízíme:</p>
<ul>
<li>Dvou a třívrstvé podlahy</li>
<li>Prkna &#8211; velká parketa</li>
<li>Parkety / Vlysy</li>
<li>Mozaika</li>
<li>Kantovka</li>
<li>Repase podlah, renovace</li>
<li>Vinylové &#8211; designové &#8211; lepené &#8211; plovoucí</li>
<li>Laminátové</li>
</ul>
<p>Na Vaše přání Vám doporučíme vhodnou podlahovou krytinu i s ohledem na typ a kompozici interiéru. Vyrovnáme a upravíme původní podklad, po položení podlahy provedeme i koncové olyštování, přechody a vyspárování&#8230;</p>
<hr>
<p style="text-align: center;"><img loading="lazy" decoding="async" class="alignnone wp-image-803" src="https://www.ekointeriery.cz/wp-content/uploads/2019/10/Stradonice_008vinyl-300x225.jpg" alt="" width="200" height="150" srcset="https://www.ekointeriery.cz/wp-content/uploads/2019/10/Stradonice_008vinyl-300x225.jpg 300w, https://www.ekointeriery.cz/wp-content/uploads/2019/10/Stradonice_008vinyl-768x576.jpg 768w, https://www.ekointeriery.cz/wp-content/uploads/2019/10/Stradonice_008vinyl-1024x768.jpg 1024w" sizes="auto, (max-width: 200px) 100vw, 200px" /> &nbsp;&nbsp;&nbsp; <img loading="lazy" decoding="async" class="alignnone wp-image-793" src="https://www.ekointeriery.cz/wp-content/uploads/2019/10/dub-Hotel-Central-pro-mail1-300x225.jpg" alt="" width="200" height="150" srcset="https://www.ekointeriery.cz/wp-content/uploads/2019/10/dub-Hotel-Central-pro-mail1-300x225.jpg 300w, https://www.ekointeriery.cz/wp-content/uploads/2019/10/dub-Hotel-Central-pro-mail1.jpg 640w" sizes="auto, (max-width: 200px) 100vw, 200px" /> &nbsp;&nbsp;&nbsp; <img loading="lazy" decoding="async" class="alignnone wp-image-800" src="https://www.ekointeriery.cz/wp-content/uploads/2019/10/DSCN0001-300x225.jpg" alt="" width="200" height="150" srcset="https://www.ekointeriery.cz/wp-content/uploads/2019/10/DSCN0001-300x225.jpg 300w, https://www.ekointeriery.cz/wp-content/uploads/2019/10/DSCN0001-768x576.jpg 768w, https://www.ekointeriery.cz/wp-content/uploads/2019/10/DSCN0001-1024x768.jpg 1024w" sizes="auto, (max-width: 200px) 100vw, 200px" /> &nbsp;&nbsp;&nbsp; <img loading="lazy" decoding="async" class="alignnone wp-image-804" src="https://www.ekointeriery.cz/wp-content/uploads/2019/10/Vlkys-Spidlen-6-300x225.jpg" alt="" width="200" height="150" srcset="https://www.ekointeriery.cz/wp-content/uploads/2019/10/Vlkys-Spidlen-6-300x225.jpg 300w, https://www.ekointeriery.cz/wp-content/uploads/2019/10/Vlkys-Spidlen-6-768x576.jpg 768w, https://www.ekointeriery.cz/wp-content/uploads/2019/10/Vlkys-Spidlen-6-1024x768.jpg 1024w" sizes="auto, (max-width: 200px) 100vw, 200px" /></p>

<p>Co nabízíme: Dvou a třívrstvé podlahy Prkna &#8211; velká parketa Parkety / Vlysy Mozaika Kantovka Repase podlah, renovace Vinylové &#8211; designové &#8211; lepené &#8211; plovoucí Laminátové Na Vaše přání Vám doporučíme vhodnou podlahovou krytinu i s ohledem na typ a kompozici interiéru. Vyrovnáme a upravíme původní podklad, po položení podlahy provedeme i koncové olyštování, přechody [&hellip;]</p>
