{"id":53,"date":"2019-06-13T00:32:50","date_gmt":"2019-06-12T22:32:50","guid":{"rendered":"https:\/\/www.ekointeriery.cz\/?page_id=53"},"modified":"2025-06-16T22:33:03","modified_gmt":"2025-06-16T20:33:03","slug":"designove-sterky","status":"publish","type":"page","link":"https:\/\/www.ekointeriery.cz\/?page_id=53","title":{"rendered":"Design st\u011brky"},"content":{"rendered":"<p>Co nab\u00edz\u00edme:<\/p>\n<ul>\n<li>Pandomo Wall<\/li>\n<li>Pandomo K1<\/li>\n<li>Pandomo Loft<\/li>\n<li>Pandomo Studio<\/li>\n<li>BetonImage &#8211; Podlahy i st\u011bny<\/li>\n<li>Epoxidov\u00e9 st\u011brky<\/li>\n<li>Mnoho dal\u0161\u00edch variant a kombinac\u00ed&#8230;<\/li>\n<\/ul>\n<hr>\n<p style=\"text-align: center;\"><img loading=\"lazy\" decoding=\"async\" class=\"alignnone wp-image-631\" src=\"https:\/\/www.ekointeriery.cz\/wp-content\/uploads\/2019\/10\/PND-K1-Drnovice_06Novakovi-300x201.jpg\" alt=\"\" width=\"200\" height=\"134\" srcset=\"https:\/\/www.ekointeriery.cz\/wp-content\/uploads\/2019\/10\/PND-K1-Drnovice_06Novakovi-300x201.jpg 300w, https:\/\/www.ekointeriery.cz\/wp-content\/uploads\/2019\/10\/PND-K1-Drnovice_06Novakovi-768x516.jpg 768w, https:\/\/www.ekointeriery.cz\/wp-content\/uploads\/2019\/10\/PND-K1-Drnovice_06Novakovi-1024x687.jpg 1024w, https:\/\/www.ekointeriery.cz\/wp-content\/uploads\/2019\/10\/PND-K1-Drnovice_06Novakovi-1500x1000.jpg 1500w\" sizes=\"auto, (max-width: 200px) 100vw, 200px\" \/> &nbsp;&nbsp;&nbsp; <img loading=\"lazy\" decoding=\"async\" class=\"alignnone wp-image-630\" src=\"https:\/\/www.ekointeriery.cz\/wp-content\/uploads\/2019\/10\/PND-K1-Drnovice_02Novakovi-300x201.jpg\" alt=\"\" width=\"200\" height=\"134\" srcset=\"https:\/\/www.ekointeriery.cz\/wp-content\/uploads\/2019\/10\/PND-K1-Drnovice_02Novakovi-300x201.jpg 300w, https:\/\/www.ekointeriery.cz\/wp-content\/uploads\/2019\/10\/PND-K1-Drnovice_02Novakovi-768x516.jpg 768w, https:\/\/www.ekointeriery.cz\/wp-content\/uploads\/2019\/10\/PND-K1-Drnovice_02Novakovi-1024x687.jpg 1024w, https:\/\/www.ekointeriery.cz\/wp-content\/uploads\/2019\/10\/PND-K1-Drnovice_02Novakovi-1500x1000.jpg 1500w\" sizes=\"auto, (max-width: 200px) 100vw, 200px\" \/> &nbsp;&nbsp;&nbsp; <img loading=\"lazy\" decoding=\"async\" class=\"alignnone wp-image-632\" src=\"https:\/\/www.ekointeriery.cz\/wp-content\/uploads\/2019\/10\/Val-Mez-UHER_02-B-14-PND-300x201.jpg\" alt=\"\" width=\"200\" height=\"134\" srcset=\"https:\/\/www.ekointeriery.cz\/wp-content\/uploads\/2019\/10\/Val-Mez-UHER_02-B-14-PND-300x201.jpg 300w, https:\/\/www.ekointeriery.cz\/wp-content\/uploads\/2019\/10\/Val-Mez-UHER_02-B-14-PND-768x516.jpg 768w, https:\/\/www.ekointeriery.cz\/wp-content\/uploads\/2019\/10\/Val-Mez-UHER_02-B-14-PND-1024x687.jpg 1024w, https:\/\/www.ekointeriery.cz\/wp-content\/uploads\/2019\/10\/Val-Mez-UHER_02-B-14-PND-1500x1000.jpg 1500w\" sizes=\"auto, (max-width: 200px) 100vw, 200px\" \/> &nbsp;&nbsp;&nbsp; <img loading=\"lazy\" decoding=\"async\" class=\"alignnone wp-image-633\" src=\"https:\/\/www.ekointeriery.cz\/wp-content\/uploads\/2019\/10\/Val-Mez-UHER_07-B-14-PND-300x201.jpg\" alt=\"\" width=\"200\" height=\"134\" srcset=\"https:\/\/www.ekointeriery.cz\/wp-content\/uploads\/2019\/10\/Val-Mez-UHER_07-B-14-PND-300x201.jpg 300w, https:\/\/www.ekointeriery.cz\/wp-content\/uploads\/2019\/10\/Val-Mez-UHER_07-B-14-PND-768x516.jpg 768w, https:\/\/www.ekointeriery.cz\/wp-content\/uploads\/2019\/10\/Val-Mez-UHER_07-B-14-PND-1024x687.jpg 1024w, https:\/\/www.ekointeriery.cz\/wp-content\/uploads\/2019\/10\/Val-Mez-UHER_07-B-14-PND-1500x1000.jpg 1500w\" sizes=\"auto, (max-width: 200px) 100vw, 200px\" \/><\/p>\n","protected":false},"excerpt":{"rendered":"<p>Co nab\u00edz\u00edme: Pandomo Wall Pandomo K1 Pandomo Loft Pandomo Studio BetonImage &#8211; Podlahy i st\u011bny Epoxidov\u00e9 st\u011brky Mnoho dal\u0161\u00edch variant a kombinac\u00ed&#8230; &nbsp;&nbsp;&nbsp; &nbsp;&nbsp;&nbsp; &nbsp;&nbsp;&nbsp;<\/p>\n","protected":false},"author":1,"featured_media":0,"parent":0,"menu_order":2,"comment_status":"closed","ping_status":"closed","template":"","meta":{"ngg_post_thumbnail":0,"footnotes":""},"class_list":["post-53","page","type-page","status-publish","hentry"],"_links":{"self":[{"href":"https:\/\/www.ekointeriery.cz\/index.php?rest_route=\/wp\/v2\/pages\/53","targetHints":{"allow":["GET"]}}],"collection":[{"href":"https:\/\/www.ekointeriery.cz\/index.php?rest_route=\/wp\/v2\/pages"}],"about":[{"href":"https:\/\/www.ekointeriery.cz\/index.php?rest_route=\/wp\/v2\/types\/page"}],"author":[{"embeddable":true,"href":"https:\/\/www.ekointeriery.cz\/index.php?rest_route=\/wp\/v2\/users\/1"}],"replies":[{"embeddable":true,"href":"https:\/\/www.ekointeriery.cz\/index.php?rest_route=%2Fwp%2Fv2%2Fcomments&post=53"}],"version-history":[{"count":5,"href":"https:\/\/www.ekointeriery.cz\/index.php?rest_route=\/wp\/v2\/pages\/53\/revisions"}],"predecessor-version":[{"id":979,"href":"https:\/\/www.ekointeriery.cz\/index.php?rest_route=\/wp\/v2\/pages\/53\/revisions\/979"}],"wp:attachment":[{"href":"https:\/\/www.ekointeriery.cz\/index.php?rest_route=%2Fwp%2Fv2%2Fmedia&parent=53"}],"curies":[{"name":"wp","href":"https:\/\/api.w.org\/{rel}","templated":true}]}}