{"id":55,"date":"2019-06-13T00:33:35","date_gmt":"2019-06-12T22:33:35","guid":{"rendered":"https:\/\/www.ekointeriery.cz\/?page_id=55"},"modified":"2025-06-16T22:34:16","modified_gmt":"2025-06-16T20:34:16","slug":"schody-a-zabradli","status":"publish","type":"page","link":"https:\/\/www.ekointeriery.cz\/?page_id=55","title":{"rendered":"Schody &#8211; Z\u00e1bradl\u00ed"},"content":{"rendered":"<p>Co nab\u00edz\u00edme:<\/p>\n<ul>\n<li>D\u0159ev\u011bn\u00e9<\/li>\n<li>Lamin\u00e1tov\u00e9<\/li>\n<li>St\u011brkov\u00e9<\/li>\n<\/ul>\n<p>Na p\u0159\u00e1n\u00ed klienta, provedeme i rekonstrukci st\u00e1vaj\u00edc\u00edch schod\u016f (nov\u00e1 povrchov\u00e1 \u00faprava, lino a hrany, st\u011brkov\u00fd povrch, olaminov\u00e1n\u00ed, d\u0159evo atd.). Sou\u010dasn\u011b navrhneme a provedeme n\u00e1vrh a instalaci nov\u00e9ho z\u00e1bradl\u00ed (materi\u00e1ly kov, d\u0159evo, sklo, nerez).<\/p>\n<hr>\n<p style=\"text-align: center;\"><img loading=\"lazy\" decoding=\"async\" class=\"alignnone wp-image-885\" src=\"https:\/\/www.ekointeriery.cz\/wp-content\/uploads\/2019\/10\/sch-dub-a-nerez-300x225.jpg\" alt=\"\" width=\"200\" height=\"150\" srcset=\"https:\/\/www.ekointeriery.cz\/wp-content\/uploads\/2019\/10\/sch-dub-a-nerez-300x225.jpg 300w, https:\/\/www.ekointeriery.cz\/wp-content\/uploads\/2019\/10\/sch-dub-a-nerez-768x576.jpg 768w, https:\/\/www.ekointeriery.cz\/wp-content\/uploads\/2019\/10\/sch-dub-a-nerez-1024x768.jpg 1024w, https:\/\/www.ekointeriery.cz\/wp-content\/uploads\/2019\/10\/sch-dub-a-nerez.jpg 2016w\" sizes=\"auto, (max-width: 200px) 100vw, 200px\" \/> &nbsp;&nbsp;&nbsp; <img loading=\"lazy\" decoding=\"async\" class=\"alignnone wp-image-883\" src=\"https:\/\/www.ekointeriery.cz\/wp-content\/uploads\/2019\/10\/Merbau-jine-schody-300x225.jpg\" alt=\"\" width=\"200\" height=\"150\" srcset=\"https:\/\/www.ekointeriery.cz\/wp-content\/uploads\/2019\/10\/Merbau-jine-schody-300x225.jpg 300w, https:\/\/www.ekointeriery.cz\/wp-content\/uploads\/2019\/10\/Merbau-jine-schody-768x576.jpg 768w, https:\/\/www.ekointeriery.cz\/wp-content\/uploads\/2019\/10\/Merbau-jine-schody-1024x768.jpg 1024w, https:\/\/www.ekointeriery.cz\/wp-content\/uploads\/2019\/10\/Merbau-jine-schody.jpg 2016w\" sizes=\"auto, (max-width: 200px) 100vw, 200px\" \/> &nbsp;&nbsp;&nbsp; <img loading=\"lazy\" decoding=\"async\" class=\"alignnone wp-image-884\" src=\"https:\/\/www.ekointeriery.cz\/wp-content\/uploads\/2019\/10\/Merbau-podlaha-a-schody-138-300x225.jpg\" alt=\"\" width=\"200\" height=\"150\" srcset=\"https:\/\/www.ekointeriery.cz\/wp-content\/uploads\/2019\/10\/Merbau-podlaha-a-schody-138-300x225.jpg 300w, https:\/\/www.ekointeriery.cz\/wp-content\/uploads\/2019\/10\/Merbau-podlaha-a-schody-138-768x576.jpg 768w, https:\/\/www.ekointeriery.cz\/wp-content\/uploads\/2019\/10\/Merbau-podlaha-a-schody-138-1024x768.jpg 1024w, https:\/\/www.ekointeriery.cz\/wp-content\/uploads\/2019\/10\/Merbau-podlaha-a-schody-138.jpg 2016w\" sizes=\"auto, (max-width: 200px) 100vw, 200px\" \/> &nbsp;&nbsp;&nbsp; <img loading=\"lazy\" decoding=\"async\" class=\"alignnone wp-image-880\" src=\"https:\/\/www.ekointeriery.cz\/wp-content\/uploads\/2019\/10\/galerie-jasan-300x225.jpg\" alt=\"\" width=\"200\" height=\"150\" srcset=\"https:\/\/www.ekointeriery.cz\/wp-content\/uploads\/2019\/10\/galerie-jasan-300x225.jpg 300w, https:\/\/www.ekointeriery.cz\/wp-content\/uploads\/2019\/10\/galerie-jasan-768x576.jpg 768w, https:\/\/www.ekointeriery.cz\/wp-content\/uploads\/2019\/10\/galerie-jasan-1024x768.jpg 1024w, https:\/\/www.ekointeriery.cz\/wp-content\/uploads\/2019\/10\/galerie-jasan.jpg 2048w\" sizes=\"auto, (max-width: 200px) 100vw, 200px\" \/><\/p>\n","protected":false},"excerpt":{"rendered":"<p>Co nab\u00edz\u00edme: D\u0159ev\u011bn\u00e9 Lamin\u00e1tov\u00e9 St\u011brkov\u00e9 Na p\u0159\u00e1n\u00ed klienta, provedeme i rekonstrukci st\u00e1vaj\u00edc\u00edch schod\u016f (nov\u00e1 povrchov\u00e1 \u00faprava, lino a hrany, st\u011brkov\u00fd povrch, olaminov\u00e1n\u00ed, d\u0159evo atd.). Sou\u010dasn\u011b navrhneme a provedeme n\u00e1vrh a instalaci nov\u00e9ho z\u00e1bradl\u00ed (materi\u00e1ly kov, d\u0159evo, sklo, nerez). &nbsp;&nbsp;&nbsp; &nbsp;&nbsp;&nbsp; &nbsp;&nbsp;&nbsp;<\/p>\n","protected":false},"author":1,"featured_media":0,"parent":0,"menu_order":3,"comment_status":"closed","ping_status":"closed","template":"","meta":{"ngg_post_thumbnail":0,"footnotes":""},"class_list":["post-55","page","type-page","status-publish","hentry"],"_links":{"self":[{"href":"https:\/\/www.ekointeriery.cz\/index.php?rest_route=\/wp\/v2\/pages\/55","targetHints":{"allow":["GET"]}}],"collection":[{"href":"https:\/\/www.ekointeriery.cz\/index.php?rest_route=\/wp\/v2\/pages"}],"about":[{"href":"https:\/\/www.ekointeriery.cz\/index.php?rest_route=\/wp\/v2\/types\/page"}],"author":[{"embeddable":true,"href":"https:\/\/www.ekointeriery.cz\/index.php?rest_route=\/wp\/v2\/users\/1"}],"replies":[{"embeddable":true,"href":"https:\/\/www.ekointeriery.cz\/index.php?rest_route=%2Fwp%2Fv2%2Fcomments&post=55"}],"version-history":[{"count":5,"href":"https:\/\/www.ekointeriery.cz\/index.php?rest_route=\/wp\/v2\/pages\/55\/revisions"}],"predecessor-version":[{"id":981,"href":"https:\/\/www.ekointeriery.cz\/index.php?rest_route=\/wp\/v2\/pages\/55\/revisions\/981"}],"wp:attachment":[{"href":"https:\/\/www.ekointeriery.cz\/index.php?rest_route=%2Fwp%2Fv2%2Fmedia&parent=55"}],"curies":[{"name":"wp","href":"https:\/\/api.w.org\/{rel}","templated":true}]}}

Schody &#8211; Zábradlí

<p>Co nabízíme:</p>
<ul>
<li>Dřevěné</li>
<li>Laminátové</li>
<li>Stěrkové</li>
</ul>
<p>Na přání klienta, provedeme i rekonstrukci stávajících schodů (nová povrchová úprava, lino a hrany, stěrkový povrch, olaminování, dřevo atd.). Současně navrhneme a provedeme návrh a instalaci nového zábradlí (materiály kov, dřevo, sklo, nerez).</p>
<hr>
<p style="text-align: center;"><img loading="lazy" decoding="async" class="alignnone wp-image-885" src="https://www.ekointeriery.cz/wp-content/uploads/2019/10/sch-dub-a-nerez-300x225.jpg" alt="" width="200" height="150" srcset="https://www.ekointeriery.cz/wp-content/uploads/2019/10/sch-dub-a-nerez-300x225.jpg 300w, https://www.ekointeriery.cz/wp-content/uploads/2019/10/sch-dub-a-nerez-768x576.jpg 768w, https://www.ekointeriery.cz/wp-content/uploads/2019/10/sch-dub-a-nerez-1024x768.jpg 1024w, https://www.ekointeriery.cz/wp-content/uploads/2019/10/sch-dub-a-nerez.jpg 2016w" sizes="auto, (max-width: 200px) 100vw, 200px" /> &nbsp;&nbsp;&nbsp; <img loading="lazy" decoding="async" class="alignnone wp-image-883" src="https://www.ekointeriery.cz/wp-content/uploads/2019/10/Merbau-jine-schody-300x225.jpg" alt="" width="200" height="150" srcset="https://www.ekointeriery.cz/wp-content/uploads/2019/10/Merbau-jine-schody-300x225.jpg 300w, https://www.ekointeriery.cz/wp-content/uploads/2019/10/Merbau-jine-schody-768x576.jpg 768w, https://www.ekointeriery.cz/wp-content/uploads/2019/10/Merbau-jine-schody-1024x768.jpg 1024w, https://www.ekointeriery.cz/wp-content/uploads/2019/10/Merbau-jine-schody.jpg 2016w" sizes="auto, (max-width: 200px) 100vw, 200px" /> &nbsp;&nbsp;&nbsp; <img loading="lazy" decoding="async" class="alignnone wp-image-884" src="https://www.ekointeriery.cz/wp-content/uploads/2019/10/Merbau-podlaha-a-schody-138-300x225.jpg" alt="" width="200" height="150" srcset="https://www.ekointeriery.cz/wp-content/uploads/2019/10/Merbau-podlaha-a-schody-138-300x225.jpg 300w, https://www.ekointeriery.cz/wp-content/uploads/2019/10/Merbau-podlaha-a-schody-138-768x576.jpg 768w, https://www.ekointeriery.cz/wp-content/uploads/2019/10/Merbau-podlaha-a-schody-138-1024x768.jpg 1024w, https://www.ekointeriery.cz/wp-content/uploads/2019/10/Merbau-podlaha-a-schody-138.jpg 2016w" sizes="auto, (max-width: 200px) 100vw, 200px" /> &nbsp;&nbsp;&nbsp; <img loading="lazy" decoding="async" class="alignnone wp-image-880" src="https://www.ekointeriery.cz/wp-content/uploads/2019/10/galerie-jasan-300x225.jpg" alt="" width="200" height="150" srcset="https://www.ekointeriery.cz/wp-content/uploads/2019/10/galerie-jasan-300x225.jpg 300w, https://www.ekointeriery.cz/wp-content/uploads/2019/10/galerie-jasan-768x576.jpg 768w, https://www.ekointeriery.cz/wp-content/uploads/2019/10/galerie-jasan-1024x768.jpg 1024w, https://www.ekointeriery.cz/wp-content/uploads/2019/10/galerie-jasan.jpg 2048w" sizes="auto, (max-width: 200px) 100vw, 200px" /></p>

<p>Co nabízíme: Dřevěné Laminátové Stěrkové Na přání klienta, provedeme i rekonstrukci stávajících schodů (nová povrchová úprava, lino a hrany, stěrkový povrch, olaminování, dřevo atd.). Současně navrhneme a provedeme návrh a instalaci nového zábradlí (materiály kov, dřevo, sklo, nerez). &nbsp;&nbsp;&nbsp; &nbsp;&nbsp;&nbsp; &nbsp;&nbsp;&nbsp;</p>
