{"id":57,"date":"2019-06-13T00:34:02","date_gmt":"2019-06-12T22:34:02","guid":{"rendered":"https:\/\/www.ekointeriery.cz\/?page_id=57"},"modified":"2019-12-02T13:16:30","modified_gmt":"2019-12-02T12:16:30","slug":"terasy-a-balkony","status":"publish","type":"page","link":"https:\/\/www.ekointeriery.cz\/?page_id=57","title":{"rendered":"Terasy &#8211; Balkony &#8211; Hydroizolace"},"content":{"rendered":"<p>Co nab\u00edz\u00edme:<\/p>\n<ul>\n<li>Hydroizolace skladby souvrstv\u00ed ARDEX, Gutjahr aquadrain WATEC &#8211; <a href=\"https:\/\/www.youtube.com\/watch?v=FG66NvNQAxk\" target=\"_blank\" rel=\"noopener noreferrer\">Video ZDE&#8230;<\/a><\/li>\n<li>D\u0159ev\u011bn\u00e9<\/li>\n<li>WPC<\/li>\n<\/ul>\n<p>Na Va\u0161e p\u0159\u00e1n\u00ed provedeme n\u00e1vrh a rekonstrukci Va\u0161\u00ed st\u00e1vaj\u00edc\u00ed terasy nebo balkonu. Provedeme kompletn\u00ed novou hydroizolaci i kone\u010dnou povrchovou \u00fapravu dle Va\u0161ich pot\u0159eb, osad\u00edme nov\u00e9 z\u00e1bradl\u00ed a ostatn\u00ed bezpe\u010dnostn\u00ed prvky.<\/p>\n<hr>\n<p style=\"text-align: center;\"><img loading=\"lazy\" decoding=\"async\" class=\"alignnone wp-image-895\" src=\"https:\/\/www.ekointeriery.cz\/wp-content\/uploads\/2019\/10\/Terasa-Kninicky-Navratil-03-300x201.jpg\" alt=\"\" width=\"224\" height=\"150\" srcset=\"https:\/\/www.ekointeriery.cz\/wp-content\/uploads\/2019\/10\/Terasa-Kninicky-Navratil-03-300x201.jpg 300w, https:\/\/www.ekointeriery.cz\/wp-content\/uploads\/2019\/10\/Terasa-Kninicky-Navratil-03-768x514.jpg 768w, https:\/\/www.ekointeriery.cz\/wp-content\/uploads\/2019\/10\/Terasa-Kninicky-Navratil-03-1024x685.jpg 1024w, https:\/\/www.ekointeriery.cz\/wp-content\/uploads\/2019\/10\/Terasa-Kninicky-Navratil-03-1500x1000.jpg 1500w\" sizes=\"auto, (max-width: 224px) 100vw, 224px\" \/> &nbsp;&nbsp;&nbsp; <img loading=\"lazy\" decoding=\"async\" class=\"alignnone wp-image-894\" src=\"https:\/\/www.ekointeriery.cz\/wp-content\/uploads\/2019\/10\/Terasa-Kninicky-Navratil-01-300x201.jpg\" alt=\"\" width=\"224\" height=\"150\" srcset=\"https:\/\/www.ekointeriery.cz\/wp-content\/uploads\/2019\/10\/Terasa-Kninicky-Navratil-01-300x201.jpg 300w, https:\/\/www.ekointeriery.cz\/wp-content\/uploads\/2019\/10\/Terasa-Kninicky-Navratil-01-768x514.jpg 768w, https:\/\/www.ekointeriery.cz\/wp-content\/uploads\/2019\/10\/Terasa-Kninicky-Navratil-01-1024x685.jpg 1024w, https:\/\/www.ekointeriery.cz\/wp-content\/uploads\/2019\/10\/Terasa-Kninicky-Navratil-01-1500x1000.jpg 1500w\" sizes=\"auto, (max-width: 224px) 100vw, 224px\" \/> &nbsp;&nbsp;&nbsp; <img loading=\"lazy\" decoding=\"async\" class=\"alignnone wp-image-892\" src=\"https:\/\/www.ekointeriery.cz\/wp-content\/uploads\/2019\/10\/P1010926-300x225.jpg\" alt=\"\" width=\"200\" height=\"150\" srcset=\"https:\/\/www.ekointeriery.cz\/wp-content\/uploads\/2019\/10\/P1010926-300x225.jpg 300w, https:\/\/www.ekointeriery.cz\/wp-content\/uploads\/2019\/10\/P1010926-768x576.jpg 768w, https:\/\/www.ekointeriery.cz\/wp-content\/uploads\/2019\/10\/P1010926.jpg 800w\" sizes=\"auto, (max-width: 200px) 100vw, 200px\" \/> &nbsp;&nbsp;&nbsp; <img loading=\"lazy\" decoding=\"async\" class=\"alignnone wp-image-893\" src=\"https:\/\/www.ekointeriery.cz\/wp-content\/uploads\/2019\/10\/Terasa-Hlubocek_012-Navratil-300x225.jpg\" alt=\"\" width=\"200\" height=\"150\" srcset=\"https:\/\/www.ekointeriery.cz\/wp-content\/uploads\/2019\/10\/Terasa-Hlubocek_012-Navratil-300x225.jpg 300w, https:\/\/www.ekointeriery.cz\/wp-content\/uploads\/2019\/10\/Terasa-Hlubocek_012-Navratil-768x576.jpg 768w, https:\/\/www.ekointeriery.cz\/wp-content\/uploads\/2019\/10\/Terasa-Hlubocek_012-Navratil-1024x768.jpg 1024w\" sizes=\"auto, (max-width: 200px) 100vw, 200px\" \/><\/p>\n","protected":false},"excerpt":{"rendered":"<p>Co nab\u00edz\u00edme: Hydroizolace skladby souvrstv\u00ed ARDEX, Gutjahr aquadrain WATEC &#8211; Video ZDE&#8230; D\u0159ev\u011bn\u00e9 WPC Na Va\u0161e p\u0159\u00e1n\u00ed provedeme n\u00e1vrh a rekonstrukci Va\u0161\u00ed st\u00e1vaj\u00edc\u00ed terasy nebo balkonu. Provedeme kompletn\u00ed novou hydroizolaci i kone\u010dnou povrchovou \u00fapravu dle Va\u0161ich pot\u0159eb, osad\u00edme nov\u00e9 z\u00e1bradl\u00ed a ostatn\u00ed bezpe\u010dnostn\u00ed prvky. &nbsp;&nbsp;&nbsp; &nbsp;&nbsp;&nbsp; &nbsp;&nbsp;&nbsp;<\/p>\n","protected":false},"author":1,"featured_media":0,"parent":0,"menu_order":4,"comment_status":"closed","ping_status":"closed","template":"","meta":{"ngg_post_thumbnail":0,"footnotes":""},"class_list":["post-57","page","type-page","status-publish","hentry"],"_links":{"self":[{"href":"https:\/\/www.ekointeriery.cz\/index.php?rest_route=\/wp\/v2\/pages\/57","targetHints":{"allow":["GET"]}}],"collection":[{"href":"https:\/\/www.ekointeriery.cz\/index.php?rest_route=\/wp\/v2\/pages"}],"about":[{"href":"https:\/\/www.ekointeriery.cz\/index.php?rest_route=\/wp\/v2\/types\/page"}],"author":[{"embeddable":true,"href":"https:\/\/www.ekointeriery.cz\/index.php?rest_route=\/wp\/v2\/users\/1"}],"replies":[{"embeddable":true,"href":"https:\/\/www.ekointeriery.cz\/index.php?rest_route=%2Fwp%2Fv2%2Fcomments&post=57"}],"version-history":[{"count":6,"href":"https:\/\/www.ekointeriery.cz\/index.php?rest_route=\/wp\/v2\/pages\/57\/revisions"}],"predecessor-version":[{"id":938,"href":"https:\/\/www.ekointeriery.cz\/index.php?rest_route=\/wp\/v2\/pages\/57\/revisions\/938"}],"wp:attachment":[{"href":"https:\/\/www.ekointeriery.cz\/index.php?rest_route=%2Fwp%2Fv2%2Fmedia&parent=57"}],"curies":[{"name":"wp","href":"https:\/\/api.w.org\/{rel}","templated":true}]}}

<p>Co nabízíme:</p>
<ul>
<li>Hydroizolace skladby souvrství ARDEX, Gutjahr aquadrain WATEC &#8211; <a href="https://www.youtube.com/watch?v=FG66NvNQAxk" target="_blank" rel="noopener noreferrer">Video ZDE&#8230;</a></li>
<li>Dřevěné</li>
<li>WPC</li>
</ul>
<p>Na Vaše přání provedeme návrh a rekonstrukci Vaší stávající terasy nebo balkonu. Provedeme kompletní novou hydroizolaci i konečnou povrchovou úpravu dle Vašich potřeb, osadíme nové zábradlí a ostatní bezpečnostní prvky.</p>
<hr>
<p style="text-align: center;"><img loading="lazy" decoding="async" class="alignnone wp-image-895" src="https://www.ekointeriery.cz/wp-content/uploads/2019/10/Terasa-Kninicky-Navratil-03-300x201.jpg" alt="" width="224" height="150" srcset="https://www.ekointeriery.cz/wp-content/uploads/2019/10/Terasa-Kninicky-Navratil-03-300x201.jpg 300w, https://www.ekointeriery.cz/wp-content/uploads/2019/10/Terasa-Kninicky-Navratil-03-768x514.jpg 768w, https://www.ekointeriery.cz/wp-content/uploads/2019/10/Terasa-Kninicky-Navratil-03-1024x685.jpg 1024w, https://www.ekointeriery.cz/wp-content/uploads/2019/10/Terasa-Kninicky-Navratil-03-1500x1000.jpg 1500w" sizes="auto, (max-width: 224px) 100vw, 224px" /> &nbsp;&nbsp;&nbsp; <img loading="lazy" decoding="async" class="alignnone wp-image-894" src="https://www.ekointeriery.cz/wp-content/uploads/2019/10/Terasa-Kninicky-Navratil-01-300x201.jpg" alt="" width="224" height="150" srcset="https://www.ekointeriery.cz/wp-content/uploads/2019/10/Terasa-Kninicky-Navratil-01-300x201.jpg 300w, https://www.ekointeriery.cz/wp-content/uploads/2019/10/Terasa-Kninicky-Navratil-01-768x514.jpg 768w, https://www.ekointeriery.cz/wp-content/uploads/2019/10/Terasa-Kninicky-Navratil-01-1024x685.jpg 1024w, https://www.ekointeriery.cz/wp-content/uploads/2019/10/Terasa-Kninicky-Navratil-01-1500x1000.jpg 1500w" sizes="auto, (max-width: 224px) 100vw, 224px" /> &nbsp;&nbsp;&nbsp; <img loading="lazy" decoding="async" class="alignnone wp-image-892" src="https://www.ekointeriery.cz/wp-content/uploads/2019/10/P1010926-300x225.jpg" alt="" width="200" height="150" srcset="https://www.ekointeriery.cz/wp-content/uploads/2019/10/P1010926-300x225.jpg 300w, https://www.ekointeriery.cz/wp-content/uploads/2019/10/P1010926-768x576.jpg 768w, https://www.ekointeriery.cz/wp-content/uploads/2019/10/P1010926.jpg 800w" sizes="auto, (max-width: 200px) 100vw, 200px" /> &nbsp;&nbsp;&nbsp; <img loading="lazy" decoding="async" class="alignnone wp-image-893" src="https://www.ekointeriery.cz/wp-content/uploads/2019/10/Terasa-Hlubocek_012-Navratil-300x225.jpg" alt="" width="200" height="150" srcset="https://www.ekointeriery.cz/wp-content/uploads/2019/10/Terasa-Hlubocek_012-Navratil-300x225.jpg 300w, https://www.ekointeriery.cz/wp-content/uploads/2019/10/Terasa-Hlubocek_012-Navratil-768x576.jpg 768w, https://www.ekointeriery.cz/wp-content/uploads/2019/10/Terasa-Hlubocek_012-Navratil-1024x768.jpg 1024w" sizes="auto, (max-width: 200px) 100vw, 200px" /></p>

<p>Co nabízíme: Hydroizolace skladby souvrství ARDEX, Gutjahr aquadrain WATEC &#8211; Video ZDE&#8230; Dřevěné WPC Na Vaše přání provedeme návrh a rekonstrukci Vaší stávající terasy nebo balkonu. Provedeme kompletní novou hydroizolaci i konečnou povrchovou úpravu dle Vašich potřeb, osadíme nové zábradlí a ostatní bezpečnostní prvky. &nbsp;&nbsp;&nbsp; &nbsp;&nbsp;&nbsp; &nbsp;&nbsp;&nbsp;</p>
