{"id":62,"date":"2019-06-13T00:35:36","date_gmt":"2019-06-12T22:35:36","guid":{"rendered":"https:\/\/www.ekointeriery.cz\/?page_id=62"},"modified":"2025-06-16T22:32:16","modified_gmt":"2025-06-16T20:32:16","slug":"montaze-a-udrzba-domu","status":"publish","type":"page","link":"https:\/\/www.ekointeriery.cz\/?page_id=62","title":{"rendered":"\u00dadr\u017eba D\u016fm &#8211; Byt"},"content":{"rendered":"<p>Co nab\u00edz\u00edme:<\/p>\n<ul>\n<li>Mont\u00e1\u017ee a instalace elektroza\u0159\u00edzen\u00ed a klimatizac\u00ed<\/li>\n<li>Mont\u00e1\u017ee a instalace dom\u00e1c\u00edch spot\u0159ebi\u010d\u016f, kuchyn\u011b a koupelny<\/li>\n<li>Instalace kuchyn\u00ed a koupelnov\u00e9ho vybaven\u00ed<\/li>\n<li>Vodoinstalat\u00e9rsk\u00e9 pr\u00e1ce<\/li>\n<\/ul>\n<p>Dle Va\u0161eho zad\u00e1n\u00ed provedeme <span style=\"font-family: Arial, sans-serif;\"><span style=\"font-size: medium;\">m\u011b\u0159en\u00ed \u00fanik\u016f tepla speci\u00e1ln\u00ed termokamerou a doporu\u010d\u00edme, p\u0159\u00edpadn\u011b provedeme vhodn\u00e9 \u00fapravy izolace a zateplen\u00ed za pou\u017eit\u00ed komponent a materi\u00e1l\u016f vhodn\u00fdch pro V\u00e1\u0161 tip stavby.<\/span><\/span><\/p>\n<hr>\n<p>&nbsp;<\/p>\n","protected":false},"excerpt":{"rendered":"<p>Co nab\u00edz\u00edme: Mont\u00e1\u017ee a instalace elektroza\u0159\u00edzen\u00ed a klimatizac\u00ed Mont\u00e1\u017ee a instalace dom\u00e1c\u00edch spot\u0159ebi\u010d\u016f, kuchyn\u011b a koupelny Instalace kuchyn\u00ed a koupelnov\u00e9ho vybaven\u00ed Vodoinstalat\u00e9rsk\u00e9 pr\u00e1ce Dle Va\u0161eho zad\u00e1n\u00ed provedeme m\u011b\u0159en\u00ed \u00fanik\u016f tepla speci\u00e1ln\u00ed termokamerou a doporu\u010d\u00edme, p\u0159\u00edpadn\u011b provedeme vhodn\u00e9 \u00fapravy izolace a zateplen\u00ed za pou\u017eit\u00ed komponent a materi\u00e1l\u016f vhodn\u00fdch pro V\u00e1\u0161 tip stavby. &nbsp;<\/p>\n","protected":false},"author":1,"featured_media":0,"parent":0,"menu_order":6,"comment_status":"closed","ping_status":"closed","template":"","meta":{"ngg_post_thumbnail":0,"footnotes":""},"class_list":["post-62","page","type-page","status-publish","hentry"],"_links":{"self":[{"href":"https:\/\/www.ekointeriery.cz\/index.php?rest_route=\/wp\/v2\/pages\/62","targetHints":{"allow":["GET"]}}],"collection":[{"href":"https:\/\/www.ekointeriery.cz\/index.php?rest_route=\/wp\/v2\/pages"}],"about":[{"href":"https:\/\/www.ekointeriery.cz\/index.php?rest_route=\/wp\/v2\/types\/page"}],"author":[{"embeddable":true,"href":"https:\/\/www.ekointeriery.cz\/index.php?rest_route=\/wp\/v2\/users\/1"}],"replies":[{"embeddable":true,"href":"https:\/\/www.ekointeriery.cz\/index.php?rest_route=%2Fwp%2Fv2%2Fcomments&post=62"}],"version-history":[{"count":6,"href":"https:\/\/www.ekointeriery.cz\/index.php?rest_route=\/wp\/v2\/pages\/62\/revisions"}],"predecessor-version":[{"id":978,"href":"https:\/\/www.ekointeriery.cz\/index.php?rest_route=\/wp\/v2\/pages\/62\/revisions\/978"}],"wp:attachment":[{"href":"https:\/\/www.ekointeriery.cz\/index.php?rest_route=%2Fwp%2Fv2%2Fmedia&parent=62"}],"curies":[{"name":"wp","href":"https:\/\/api.w.org\/{rel}","templated":true}]}}